ime number?
True
Suppose -h = -2 + 9. Let x(u) = 2 - u**2 - 11*u - 3 - 2 - 2. Is x(h) a composite number?
False
Let q = 26 - 13. Suppose -3*u - 8 - q = 0. Let w(m) = -4*m + 3. Is w(u) prime?
True
Let p(t) = 14*t**2 - t - 9. Is p(4) a composite number?
False
Suppose -d = 5*z - 759, 0 = -3*d + 5*z - 321 + 2518. Is d prime?
True
Suppose -3*k = -1053 - 66. Is k a composite number?
False
Suppose -2*p - 7772 = -6*p. Is p a prime number?
False
Let f be 3 - 2 - (-1 - -53). Let k = 14 - f. Is k a prime number?
False
Let v be 1 - 0/(1 + 1). Let z(n) = n - 1. Let y(g) = 6*g - 2. Let i(r) = v*y(r) - 3*z(r). Is i(7) composite?
True
Suppose 2323 - 390 = 3*q - 5*h, q + 2*h - 637 = 0. Let o = q - 288. Is o a composite number?
False
Suppose 18 = -3*p + 129. Is p prime?
True
Let z = -452 - -670. Is z composite?
True
Let u = 41 + 39. Let d = -49 + u. Is d a prime number?
True
Suppose 11 = 2*t - 3*s, -4*s + 2*s = -5*t. Is (t + 4)/(4/754) composite?
True
Let i(t) = 5*t**2 - 6*t - 8. Is i(5) prime?
False
Suppose 11*h + 4818 = 13*h. Is h/27 - 4/18 a prime number?
True
Let r = -17 + 10. Let o = r + 11. Suppose -81 = -5*s + 4*z + 26, o*s + 2*z - 96 = 0. Is s prime?
True
Let t(q) = 3*q + 1. Let y be t(1). Suppose a = -3*a - y. Is a/(-3) + 82/6 a composite number?
True
Let a(f) = f**2 + 4*f + 10. Let u be a(7). Suppose 4*k - 3*k = -54. Let p = u + k. Is p a composite number?
True
Let n = -123 - -180. Let q be (1 - 2)*(52 - 1). Is (-6)/(n/q + 1) a prime number?
False
Suppose 0 = 4*h - 2*h - 10. Let w be (-4)/h*(-14 + 4). Is (-3380)/(-16) + (-2)/w a composite number?
False
Suppose -2*m = -5*z + 14, -2*m + 35 = 3*m + 5*z. Suppose m*a - 1 = 2*x + 1, -4*a = 4*x + 4. Suppose a = 2*g - g - 37. Is g prime?
True
Suppose -c - 4*z + 25 = 0, -c = 2*c - 3*z - 105. Is c a composite number?
True
Let m be 1*4/((-4)/127). Is (m/(-4))/(9/36) composite?
False
Let j(v) = -2*v**3 + 4*v**2 + 2*v + 5. Let x be j(4). Suppose -2*o - 2*u - 141 = 39, -186 = 2*o + 5*u. Let i = x - o. Is i prime?
True
Suppose -w - 405 = 4*w. Let z = 160 + w. Is z a prime number?
True
Suppose z = -5*h - 0*h + 9119, -3642 = -2*h + z. Is h composite?
False
Let r(g) = 32*g - 73. Is r(10) prime?
False
Let v(r) = -3*r. Suppose 4*k = 3*i - 19, 4*k - i = -4*i + 11. Let h be v(k). Suppose -h*g - 93 = -360. Is g a composite number?
False
Let j(t) = -37*t**3 - 1. Is j(-2) prime?
False
Let j(y) = -y**3 - 4*y**2 - 6*y - 4. Suppose 0*c + 3*s - 37 = -5*c, 3*c + 3*s = 21. Suppose -c = -5*q - 33. Is j(q) a prime number?
False
Let h(f) be the first derivative of -f**4/4 + 3*f**3 - 4*f**2 + 5*f - 1. Suppose -2*s + 25 = 5*w, 0 = s - 0*s. Is h(w) a composite number?
True
Let c be (-22)/(-8) - (-1)/4. Suppose 4*h + 6 = 3*y + 2*y, c*h = -4*y + 11. Let w = y - -37. Is w a composite number?
True
Suppose -2*n + 4*n = 100. Let g = -6 + 25. Let c = n - g. Is c composite?
False
Let j be (-14 + 9)/(1/127). Let d = j - -970. Is d composite?
True
Let p(v) = -v**2 - v + 1. Let o be (1 + 2)*2/(-2). Let n be p(o). Let b(s) = -s**3 - 3*s**2 + 3*s - 2. Is b(n) prime?
False
Suppose 5*m - 434 = 876. Is m composite?
True
Let r = 6 + -6. Suppose r*s = s. Let h(q) = -q + 127. Is h(s) a prime number?
True
Let w = 4 + -1. Let m = -2 + w. Suppose -4*o - m = -53. Is o a prime number?
True
Is (-5588)/6*24/(-16) a prime number?
False
Is (-438)/4*(15/9 - 3) prime?
False
Suppose 5*v + 2*x = 20, -v + 44 = 3*v - 4*x. Let t be 28/6 + 2/v. Suppose 5*d + 2*s - 377 = 6*s, -67 = -d + t*s. Is d prime?
False
Suppose -9*m + 4*m = -1265. Is m prime?
False
Let v = 9 - 15. Let h = 14 + v. Let w(z) = 2*z - 5. Is w(h) a composite number?
False
Let d(m) = -m**3 - 13*m**2 - 15*m - 4. Is d(-13) a prime number?
True
Let q = 993 - 614. Is q a prime number?
True
Suppose 33 = k - 0*k. Let y = 160 - k. Is y composite?
False
Suppose 4*y - 143 = 701. Is y composite?
False
Suppose -3*p + 4*c + 289 = 0, 2*p - c = -3*c + 188. Is p composite?
True
Let w = -23 - -33. Suppose -5*s - w = -0*s, -4*f + s = 2. Let z(r) = -6*r + 1. Is z(f) a prime number?
True
Suppose -3*t - 4*t + 8701 = 0. Is t a prime number?
False
Let v(l) = -17*l - 2. Let h(f) = 2*f**2. Let g be h(1). Let x be (-2 - -1)/1 - g. Is v(x) prime?
False
Let x = -1358 + 917. Suppose -h - 7 = 2*m - 1, 0 = 4*h - m + 51. Is x/h + (-2)/(-8) a prime number?
True
Let a be (-1 - 2)*(-4)/6. Suppose a = n - 3*q, -2*n - 40 = -4*n - 3*q. Suppose 2*y = n + 16. Is y a composite number?
True
Suppose u - 2*b = 13, -4*u + 4*b + 8 = 7*b. Suppose -2*r + c = -c - 6, 0 = -4*r - u*c + 12. Suppose 283 = -r*y + 928. Is y a composite number?
True
Let g(p) = 3 - 5*p + 7*p + 8*p + 4*p. Is g(6) prime?
False
Let s be (-2 + 1)*(6 + 1845). Let f = -1220 - s. Is f a composite number?
False
Let s(g) = g**3 - g**2 + 1151. Is s(0) a composite number?
False
Suppose -2*m = -42 - 32. Is m a prime number?
True
Let u(z) = z - 4. Let a be u(4). Suppose 3*h = -a*h - 3. Is 80 - (-2 + 2 - h) a prime number?
True
Let q(n) = n**2 + 8*n + 5. Let d be q(-8). Suppose 2293 = 3*z + 5*i, -d*z + 3827 = 3*i + 16. Is z a prime number?
True
Suppose -4*u + 17 + 7 = 0. Let b(y) = -y**3 + 8*y**2 - 2*y - 5. Is b(u) prime?
False
Suppose -10*r = -4*r - 834. Is r prime?
True
Is (-4)/(-12)*12 - -3379 prime?
False
Let d(z) = 4*z**2 - 3*z + 3. Let c be d(2). Let h = -10 - -19. Let r = h + c. Is r prime?
False
Let a(m) = 2*m**2 + m + 1. Suppose -4*y + 3*y - 3*r + 15 = 0, -3*y + 30 = 4*r. Is a(y) composite?
False
Let i be ((-3)/6)/((-2)/(-16)). Let r = i - -6. Suppose -r*z = -7*z - 4*y + 277, 0 = -3*z + 3*y + 150. Is z prime?
True
Let a = -365 - -784. Is a prime?
True
Suppose -2 = 5*i - 17. Let m(q) = q. Let o be m(i). Suppose -2*k + 273 = 5*d, -2*k = o*k - d - 750. Is k prime?
True
Suppose -x - 7 = -24. Suppose 2*r = -5*o + 119, o - x = -0*o + 3*r. Is o prime?
True
Let v(s) = 6*s + 1 + 10*s - 5*s + 16*s**2 - 11*s**2. Let b = -25 + 14. Is v(b) a composite number?
True
Let z(k) = k**3 - 2*k**2 + 8*k. Let v be z(6). Is v + 2 - (0 + 0) a prime number?
False
Suppose 3*n + 3*c - 4705 = 2306, 0 = -4*n - c + 9342. Is n composite?
True
Let q(t) = 93 - 11*t + 19*t - 9*t. Let k be q(0). Let w = k + -4. Is w a composite number?
False
Let l = 13 - 3. Is ((-191)/2)/((-5)/l) prime?
True
Let y be -2 + (3 - 2*10). Suppose c = -0*c. Let j = c - y. Is j composite?
False
Let c(f) = -3*f - f - 7*f**2 - 3 + 4*f - f**3. Let j be c(-7). Is 4/(-6) + (-233)/j a composite number?
True
Is (100/(-8) + -3)*-2 composite?
False
Let q be (-394)/(-6) - 6/9. Let d = -18 + q. Is d composite?
False
Suppose -4*y + s = 7, 5*y = -5*s + 3 + 7. Let h be (2/(-6))/(y/6). Is 13 + (h/(-2) - -3) prime?
False
Let b be (-2)/7 + (-4)/(-14). Suppose 0 = l - b - 5. Suppose -h - l*f + 2*f = -46, -5*h + 140 = -3*f. Is h composite?
False
Is (4 - -117)/(4 + -3) a prime number?
False
Suppose -183 + 24 = 3*o - 4*v, 3*v = -5*o - 294. Let t = -32 - o. Is t composite?
True
Let c be (-6)/21 + 96/(-7). Let q = 9 + c. Is 0 - q/(15/9) prime?
True
Is (-33847)/(-7) - (-8)/(-28) a prime number?
False
Let c = -489 - -946. Is c prime?
True
Let a be (-114)/(-9) - 8/12. Let h = -25 - -13. Is 9/h - (-2541)/a a composite number?
False
Suppose -2*p = 5*f - 10385, -5*f + 12081 = -4*p + 1696. Is f a prime number?
False
Suppose 5*a - 30 = -5*p, 0 = -0*a + 3*a + p - 10. Suppose 3*u - i - 172 = 0, -u - a*u - 4*i = -197. Is u a prime number?
True
Let m be ((-49)/(-14))/((-2)/(-28)). Suppose -5*s + 35 = 205. Let t = s + m. Is t a composite number?
True
Let f be -4*(-1)/2 - -3. Suppose 0 = -5*a + 3*a - 2*m + 438, -f*m = a - 219. Suppose 4*g + 3*x - 2*x - a = 0, 56 = g - x. Is g prime?
False
Let o(y) = -5*y + 2. Suppose -4*d + 0*h - 20 = 4*h, -2*h - 13 = 3*d. Let q be o(d). Suppose g - 54 = -q. Is g composite?
False
Let v = -300 + 1451. Is v prime?
True
Is 4/6 + -1101*5/(-45) prime?
False
Let z = 8 + -3. Suppose -7*u + 170 = -2*u - 5*g, z*g = 2*u - 77. Is u a composite number?
False
Let h = -1737 - -3394. Is h a composite number?
False
Let t = -535 - -884. Suppose -t = -3*i + 206. Suppose j = -4*j + i. Is j a prime number?
True
Let s be -10*(-4)/(-10)*-1. Suppose -4*j = q - 429 - 1027, 5*q = 5*j - 1820. Suppose -182 = -2*n - 2*c, -3*c = s*n - 2*c - j. Is n prime?
False
Suppose 4*k + 4*o = 139 + 77, 5*k + 2*o = 255. Is k prime?
False
Suppose -2*c - 3185 = -3*j - 6*c, -5*j = -5*c